*f + 15. Let y be n(-9). What is the hundreds digit of s(y)?
1
Suppose -2*j - 280 + 864 = 0. Suppose 0 = -6*t - 40 + j. What is the units digit of t?
2
Let y be (8/10 - 0)/(2/10). Suppose -l = 4*g - 26, -y*l + 0 = 2*g - 76. What is the units digit of l?
8
Let o be 3 + 0 + -1 + 54. Let c = o - 33. Let j = -9 + c. What is the tens digit of j?
1
Let i(q) = 2*q + 27. Suppose -3*p - 8*y = -3*y + 20, -2*y - 12 = 2*p. What is the tens digit of i(p)?
1
Let q be 4*(10/(-8) - -2). Let h = 3 + q. What is the units digit of h?
6
Let j = -35 + 61. Suppose q + 4*q = 4*h + 119, -q + 3*h + j = 0. What is the tens digit of q?
2
Suppose -2*a = 3*w - 1191, -2*a + 687 = -3*w - 510. What is the units digit of a?
7
What is the hundreds digit of (-3)/(-15)*-25 - (-1240)/2?
6
Let w = 1818 - 1068. Suppose 12*t + w = 18*t. What is the units digit of t?
5
Suppose -12 = -3*s - 0. Let o be s/20*-4*-5. What is the tens digit of (-4)/o*-18 - 0?
1
Suppose 0 = -g - 2, 5*a - 4*g = -3*g + 317. Suppose 0 = -5*m + a + 12. Let f = m + 12. What is the tens digit of f?
2
Suppose 0 = 4*j - 3*j + 180. Let i(c) = -8*c**2 + 4*c - 3. Let k be i(2). What is the units digit of (1 + 2)/(k/j)?
0
Let d(j) = -2 - j**2 + 4*j**2 - j**2 - 1 + 13*j. Suppose -4*h = -f + 13, 6*f - 4*f - 1 = 3*h. What is the units digit of d(f)?
4
Let z(d) = -59*d - 9. Suppose 9*j - 12 = -30. What is the units digit of z(j)?
9
Suppose 14161 = 3*p + 14*p. What is the tens digit of p?
3
Suppose 13*s - 15519 - 22493 = 0. What is the tens digit of s?
2
Suppose -146*s + 150*s = 8352. What is the tens digit of s?
8
What is the units digit of 330/4*(16 - 2)?
5
Let r(y) be the third derivative of 9*y**5/20 + y**4/12 - y**3/3 - 19*y**2. What is the units digit of r(-2)?
2
What is the hundreds digit of ((-6201)/52)/(2/(-16))?
9
Suppose 5*o + 0*o - 10 = 0. Suppose o*u = -u + 24. What is the units digit of (u/2 + 1)*5?
5
Suppose -3*a + o + 31 = 0, 6*o - 15 = 3*o. Suppose a = 3*n + u - 6, -u = -3*n + 12. Suppose m - 5 = -n*i, -2*m - 2*i + 46 = -i. What is the units digit of m?
5
Let c(i) = -i**3 + 13*i**2 - 11*i - 1. Let v be ((-28)/10)/(5/(-25)). Let h = -2 + v. What is the tens digit of c(h)?
1
Suppose 56 = 5*u - u. Suppose 0 = 3*k - k - u. What is the units digit of k?
7
Suppose -177 = 5*q - 1092. What is the hundreds digit of q?
1
Suppose -m = p - 565, -9 = 7*m + 2*m. What is the tens digit of p?
6
Let o(s) = 3*s**2 - 3*s - 17. What is the hundreds digit of o(11)?
3
Let k = 2 - -6. Let d(z) = 1720*z**2 - 13*z + 13. Let t be d(1). What is the units digit of t/64 - (-1)/k?
7
Let b(a) = -a**2 + 4*a + 2. Let p be b(5). Let d be p + 0 - -51 - 2. Let j = d - 16. What is the tens digit of j?
3
Let s be 1 - (-1 + -2 - -2). Let a(q) = q**3 + 5*q**s - 6*q + 6*q + 4. What is the tens digit of a(-3)?
2
Let o(h) = 2*h**3 - 11*h**2 - 13*h + 11. What is the hundreds digit of o(10)?
7
Suppose -9 + 5 = -4*v. Let p be 30/(-18)*-15*v. Let l = p - -2. What is the tens digit of l?
2
Suppose 344 = 4*p - 5*s, -2*p + 0 = -2*s - 174. Let b = -35 + p. What is the tens digit of b?
5
Suppose 0 = -6*r - 7*r + 26. Suppose 4*m + h - 732 = 0, -2*m + 3*h + 366 = -r*h. What is the units digit of m?
3
Let o(n) = n - 7. Let m be o(10). Suppose 3*a - 5*x + 0 = 6, -3*a - 18 = m*x. Let h(s) = s**3 + 4*s**2 + s + 3. What is the units digit of h(a)?
9
Let y = -17 - -53. Suppose 0*n = 5*b - 4*n - 60, 2*n = -3*b + y. What is the tens digit of b?
1
Let i be (32/12)/(1 - 82/84). Suppose 0 = -6*k + i + 86. What is the tens digit of k?
3
Let f = 10 - 5. Suppose f*k + 12 = -2*d - 0, -d + 4*k = -20. Let q = 11 - d. What is the units digit of q?
7
Suppose 67*i - 10*i - 33231 = 0. What is the units digit of i?
3
Suppose -4*p = w - 10, w - p - 4*p = -26. What is the tens digit of 5/((-135)/w) + 2516/18?
4
Let t(n) = 3 + 1 + 3*n - 4 - 7. Let q be t(5). Suppose 33 + q = m. What is the tens digit of m?
4
Let u(s) = -5*s - 22. Let o be u(11). Let h = -55 - o. What is the units digit of h?
2
Suppose 3*s - 4 = 2. Suppose -4*n - 4*j + 193 = -91, -4*j = -s*n + 154. What is the tens digit of n?
7
Let c = 643 - 335. Suppose -8*g = 3*j - 11*g - 417, 2*j - c = -4*g. What is the units digit of j?
4
Let u = -96 + 60. Let a = 30 + u. Let l = 1 - a. What is the units digit of l?
7
Let a be (-1458)/66 - (-2)/22. Let f = 2 - -21. Let v = f + a. What is the units digit of v?
1
Let m = -90 + 248. What is the tens digit of m?
5
Let q = -13 + 17. Suppose -2*o = 2*o - 4, -2*o + 138 = q*l. What is the units digit of l?
4
Suppose 0 = -3*c - 3 + 6, -724 = -i + 4*c. What is the tens digit of i?
2
Let s = -5 + 8. Suppose 22*d = 20*d + 128. Suppose -62 = -s*t + d. What is the tens digit of t?
4
Let j(m) = 39*m - 8 + 71*m - 32*m. What is the tens digit of j(2)?
4
Let a = 7037 - 3613. What is the tens digit of a?
2
Let i be (-2 - (-33)/12)*4. Suppose -4*y + 20 = 2*o, y - i = -1. What is the units digit of 2 - o/(-4 + 1)?
4
Suppose 2*x - r = -5*r + 770, 5*x - 1885 = -2*r. What is the hundreds digit of x?
3
Suppose -4*n - 16 = 5*a + 5, a + 4*n + 17 = 0. Let u(i) = -82*i + 4. What is the tens digit of u(a)?
8
Let b(s) = s**3 - 3*s**2 + 3*s. Let g be b(2). Suppose 5*n + 0*d + g*d - 5 = 0, -n + 3*d - 16 = 0. What is the tens digit of 4 - 78/(n - 1)?
4
Suppose 0*k - 3*k - 1092 = -3*c, 0 = 5*c + 2*k - 1848. What is the units digit of c?
8
Let x(c) be the second derivative of -c**3/6 + 7*c**2/2 + 4*c. Let s be x(3). Suppose 3*m = 2*n - 76, 2*m = s*n + 4*m - 152. What is the units digit of n?
8
Let f be 2/(2/5*-1). What is the units digit of (-62)/f*15/6?
1
Let y = -8 - -8. Suppose y = -m + 3, t + 5*m - 705 = -4*t. What is the hundreds digit of t?
1
Let o be (4/6)/1*3. Suppose 5*d = o*n + 89, 7*n + 188 = 2*n + d. Let z = 64 + n. What is the units digit of z?
7
Suppose 3720 = -10*h + 13*h + 3*f, 4*h = 4*f + 4952. What is the hundreds digit of h?
2
Let t(s) = -15*s**3 - 7*s**2 + 16*s**3 + 15*s + 1 - 2 - 2. What is the units digit of t(7)?
2
Let d(q) = 1467*q + 36. What is the thousands digit of d(2)?
2
Suppose -2*w + 78 = 2*f, -2*f = -5*f - 2*w + 116. Suppose -5*n + 5*g + 465 = 0, -2*g = n - 64 - f. What is the units digit of n?
6
Suppose 0*g = -3*g + 3. Let b be g*2 - (3 + -3). Suppose 65 = 7*h - b*h. What is the units digit of h?
3
Let x be ((-12)/(-10))/((-6)/(-20)). Suppose -3*d = -0*c + c, -c = x*d + 4. Suppose -c = -3*u - u - 4*n, 5*n = 3*u - 41. What is the units digit of u?
7
Suppose -5*t - 29 = -4. Let l(h) = -3*h - 5. Let w be l(t). Let b(f) = -f**3 + 13*f**2 - 23*f + 1. What is the units digit of b(w)?
1
Suppose -4*a = 4*q - 1144, -13*q + 8*q + 560 = 2*a. What is the units digit of a?
0
Let k(n) = -2*n**2 - 3*n + 2. Let i be k(1). Let w(v) = -13*v + 10. Let f be w(i). Let d = 116 - f. What is the tens digit of d?
6
Let i(z) = 46*z + 6 - 8 + 6. What is the tens digit of i(4)?
8
Let r(a) = a + 10. Suppose -5*g - 35 = 5*p, 5*p - 2*p + g = -19. Let f be r(p). What is the units digit of ((-80)/4)/f*-8?
0
Let b = 15 - 10. Suppose 5*v - 26 = -2*g - 2*g, -v - g + b = 0. What is the units digit of (-12 + 0)*v/(-4)?
8
Let h = 2266 + 2507. What is the tens digit of h?
7
Let l be ((-165)/(-44))/((-6)/(-8)). Suppose 28 = l*d - 37. What is the tens digit of d?
1
Suppose 9*b - 6365 - 1987 = 0. What is the tens digit of b?
2
Suppose -2*y - 2*d = -290, 577 = 18*y - 14*y + d. What is the hundreds digit of y?
1
Suppose 0 = j - 2*m - 12, 2*m = j - 3*m - 18. Suppose -12*i = -j*i - 20. Suppose -i*z = -3*z - 16. What is the units digit of z?
8
Suppose 5145 = -6*t + 17187. What is the hundreds digit of t?
0
Let h be (-14790)/(-20) + (-1)/(-2). Let l = h + -485. What is the tens digit of l?
5
What is the tens digit of ((-118)/(-12))/(3 + (-153)/54)?
5
Let s = -3 - -8. Let t be 5 + -2 + -4 - -1. Suppose t = s*m - 2*i - 42, 4*m - 3*i - 9 - 19 = 0. What is the tens digit of m?
1
Let l(j) = j**2 - 2*j + 4. Let z be l(3). Suppose 3*y = 2 + z. What is the units digit of y?
3
Suppose 5*j = 400 + 19080. What is the thousands digit of j?
3
Let z(o) = 17*o + 22. Let u(s) = s**2 + 13*s + 16. Let w be u(-12). What is the units digit of z(w)?
0
Suppose -j = 4*p - 5, 2*p - p - 5*j = -25. Suppose p = -6*d + 48 - 6. What is the units digit of d?
7
Let p = 918 - 436. What is the hundreds digit of p?
4
Let d = 3 + -15. Let f = 3 + -9. Let t = f